0. Determine s(-36).
-12
Let r(p) = p**3 - 7*p**2 - 345*p - 857. What is r(-14)?
-143
Let c(t) = -41*t**3 - 42*t**2 + 4513*t - 2. What is c(10)?
-72
Let y(n) = 9*n**2 - 1079*n - 5551. Determine y(-5).
69
Let h(t) = -679*t - 21209. Determine h(-31).
-160
Let l(y) = 68*y**2 - 2475*y - 2475. Calculate l(-1).
68
Let f(p) = -8*p**3 - 3*p**2 + 36*p - 40. Give f(2).
-44
Let w(t) = 362*t**2 - 10488*t - 241. What is w(29)?
49
Let l(m) = -m**3 - 22*m**2 + 48*m + 1033. Give l(-22).
-23
Let j(v) = 2462*v - 4345. Give j(2).
579
Let q(w) = -1389*w - 19747. Calculate q(-14).
-301
Let q(k) = -k**3 + 69*k**2 + 68*k - 511. Give q(70).
-651
Let i(d) = 204*d**2 + 43047*d + 637. Calculate i(-211).
4
Let g(d) = -44*d**3 - 1034*d**2 + 466*d - 1477. Determine g(-24).
11
Let t(b) = 11*b**3 + 1176*b**2 - 106*b - 154. What is t(-107)?
-261
Let v(r) = 8495*r + 458724. Give v(-54).
-6
Let k(i) = -615*i + 5113. Give k(8).
193
Let w(c) = 26*c**3 - 2*c**2 - 13*c + 14. Give w(3).
659
Let w(d) = 2*d**3 - 90*d**2 + 6935*d - 290817. Calculate w(43).
-8
Let p(u) = u**3 - 269*u**2 - 712*u - 28625. Give p(272).
-337
Let a(y) = -810*y - 571853. Give a(-706).
7
Let g(v) = -4*v**2 - 689*v + 14345. What is g(21)?
-1888
Let f(u) = u**3 - 118*u**2 - 3*u - 1732. What is f(118)?
-2086
Let v(s) = 2*s**3 - 831*s**2 - 757*s + 141874. Calculate v(416).
18
Let j(q) = -2334*q + 46671. What is j(20)?
-9
Let g(z) = -86*z + 6537. Give g(69).
603
Let r(s) = -2569*s - 4068. Calculate r(-2).
1070
Let g(w) = w**3 - 74*w**2 + 1354*w - 299. Calculate g(32).
21
Let t(j) = 5206*j**2 + 21002*j - 2. What is t(-4)?
-714
Let i(q) = -75*q**2 - 3172*q - 535. Determine i(-42).
389
Let j(f) = -f**3 + 165*f**2 + 340*f - 985. What is j(167)?
17
Let j(s) = -22596*s + 45181. Give j(2).
-11
Let b(a) = -43*a**2 + 939*a + 197. What is b(22)?
43
Let l(d) = -d**2 + 1274*d + 191776. What is l(-136)?
16
Let v(b) = -1996*b + 980080. Determine v(491).
44
Let b(w) = -8560*w - 50424. Give b(-6).
936
Let b(l) = -32161*l - 64336. What is b(-2)?
-14
Let w(n) = 10*n**2 + 229*n + 2174. What is w(-10)?
884
Let p(q) = -3*q**2 + 857*q - 40278. Give p(226).
176
Let i(z) = 6*z**3 - 80*z**2 - 250*z - 3. What is i(-3)?
-135
Let d(z) = 3738*z - 175680. Determine d(47).
6
Let z(j) = 2079*j**2 - 373*j. Calculate z(-1).
2452
Let b(a) = 382*a**2 - 4973*a - 28. Calculate b(13).
-119
Let t(f) = -285*f + 1171. Calculate t(4).
31
Let x(t) = 7*t**3 - 652*t**2 + 59*t - 248. Calculate x(93).
-3410
Let v(h) = -3*h**3 - 132*h**2 + 1433*h + 64. Calculate v(-53).
-42
Let y(c) = -73*c**2 - 593*c + 1191. Give y(2).
-287
Let n(m) = -m**3 - 185*m**2 + 1144*m - 358. Give n(-191).
24
Let w(b) = 46449*b + 232247. Determine w(-5).
2
Let p(k) = 7*k**3 + 8*k**2 - 689*k + 455. Calculate p(9).
5
Let f(j) = -105*j - 2952. What is f(-27)?
-117
Let i(p) = 2*p**2 - 41781*p + 1126586. Calculate i(27).
-43
Let x(k) = 788*k**2 + 125*k + 25. Determine x(2).
3427
Let p(u) = -5*u**3 - 168*u**2 - 533*u - 14352. Give p(-33).
-30
Let s(w) = 16333*w - 244994. Determine s(15).
1
Let m(o) = -3720*o - 615. Calculate m(-1).
3105
Let i(t) = -158*t**2 - 21494*t - 302. Calculate i(-136).
514
Let i(x) = -82*x + 1194. Give i(8).
538
Let o(u) = -73*u**3 + 11*u**2 + 9*u - 76. Determine o(-3).
1967
Let d(x) = -13617*x + 82305. Calculate d(6).
603
Let c(j) = 247*j - 11881. Give c(48).
-25
Let q(i) = -483*i**2 + 63*i - 202. Calculate q(3).
-4360
Let h(m) = 385*m**3 - 27*m**2 - 27*m - 2. What is h(-1)?
-387
Let w(c) = -c**3 + 23*c**2 - 243*c + 1493. Determine w(8).
509
Let u(p) = -p**3 + 4*p**2 + 48*p - 671. What is u(14)?
-1959
Let f(n) = 8*n**2 - 10388*n + 945614. Give f(1200).
14
Let v(c) = 34915*c + 838004. Give v(-24).
44
Let w(z) = 2*z**3 + 1067*z**2 + 1728*z + 70170. Calculate w(-532).
-54
Let c(h) = -2*h**3 - 10*h**2 - 16*h + 557. Calculate c(6).
-331
Let j(z) = 226134*z - 2035212. Calculate j(9).
-6
Let g(c) = 17943*c + 3606550. Calculate g(-201).
7
Let t(n) = -1497*n + 1122751. Give t(750).
1
Let y(q) = 3*q**3 - 6*q**2 - 252*q - 837. Calculate y(-4).
-117
Let f(g) = -193*g**3 - 2508*g**2 - g + 95. Calculate f(-13).
277
Let k(m) = -5249*m + 21192. Give k(4).
196
Let u(c) = -2589*c - 257434. Calculate u(-100).
1466
Let f(i) = -582*i - 20731. Determine f(-36).
221
Let a(o) = 37*o**2 - 1233*o - 834. Give a(34).
16
Let q(p) = 2*p**3 - 57*p**2 + 212*p - 162. Calculate q(3).
15
Let a(b) = b**3 - 25*b**2 - 706*b - 79. Calculate a(42).
257
Let i(g) = -2*g**2 + 144*g - 488. Give i(5).
182
Let w(g) = 8001*g + 111978. Determine w(-14).
-36
Let v(a) = -2*a**2 + 4606*a - 198783. Calculate v(44).
9
Let b(c) = 3224*c + 32233. Give b(-10).
-7
Let w(c) = 40816*c + 571449. What is w(-14)?
25
Let i(m) = 7*m**2 - 55*m - 200. Calculate i(16).
712
Let r(i) = -23284*i - 116463. Give r(-5).
-43
Let d(h) = -9*h**2 + 4742*h + 34214. Give d(534).
38
Let t(y) = 692*y**2 - 17885*y - 2789. Give t(26).
-7
Let t(k) = -k**2 + 123*k + 894. Determine t(122).
1016
Let l(p) = 146*p + 21074. Calculate l(-135).
1364
Let s(b) = -b**2 + 203*b + 61250. What is s(369)?
-4
Let h(a) = 643*a + 1025. What is h(-6)?
-2833
Let u(p) = -p**2 - 584*p - 46027. Calculate u(-490).
33
Let k(j) = -54*j**2 - 438*j - 884. What is k(-2)?
-224
Let s(v) = -2*v**3 + 29*v**2 + 12*v - 18. Give s(8).
910
Let x(s) = -5*s**3 - 1181*s**2 - 234*s - 224. Calculate x(-236).
-696
Let d(x) = -5*x**3 + 111*x**2 - 743*x + 1584. Calculate d(12).
12
Let v(s) = 52085*s + 416667. What is v(-8)?
-13
Let f(w) = -10*w**3 + 30*w**2 + 144*w + 330. Calculate f(6).
114
Let q(t) = 601*t + 29573. Determine q(-52).
-1679
Let n(d) = 636*d - 5192. Calculate n(8).
-104
Let v(i) = i**2 - 148*i + 4959. Determine v(64).
-417
Let y(z) = -58*z**2 - 1660*z - 14911. Give y(-9).
-4669
Let y(b) = -2*b**3 - 168*b**2 + 31*b + 2015. Calculate y(-84).
-589
Let x(t) = -t**3 - 18*t**2 + 7998*t + 159140. What is x(-20)?
-20
Let w(m) = 100*m**2 - 603*m - 68. Determine w(7).
611
Let h(m) = 874*m - 429352. What is h(491)?
-218
Let l(t) = -t**3 - 53*t**2 - 312*t - 158. Calculate l(-6).
22
Let m(a) = 3*a**2 + 306*a - 2639. What is m(8)?
1
Let s(d) = -1130*d + 50596. Give s(49).
-4774
Let n(c) = 5*c**2 + 178*c + 1274. What is n(-11)?
-79
Let b(q) = 33*q**2 - 574*q + 138. What is b(14)?
-1430
Let z(i) = i**3 + 327*i**2 + 51*i + 16687. Determine z(-327).
10
Let f(m) = 7*m**2 + 169*m - 1331. What is f(13)?
2049
Let u(q) = -q**3 + 47*q**2 + 44*q - 1294. What is u(46)?
2846
Let r(s) = -s**3 + 19*s**2 + 24*s + 1503. Determine r(23).
-61
Let r(i) = -3*i**2 + 788*i - 13408. What is r(17)?
-879
Let t(u) = 4*u**2 - 15416*u + 1059522. Determine t(70).
2
Let o(h) = -912890*h + 10041797. Give o(11).
7
Let b(m) = -424*m + 93288. Calculate b(220).
8
Let n(u) = -112*u + 3136. Give n(27).
112
Let t(h) = -h**3 - 11*h**2 - 509*h - 7843. Give t(-14).
-129
Let g(f) = -31946*f - 148. Determine g(0).
-148
Let n(s) = -s**3 - 18*s**2 - 1008519*s - 20171179. Give n(-20).
1
Let k(m) = -14*m**3 - 1546*m**2 - 824*m - 18035. Calculate k(-110).
5
Let i(u) = 7*u**3 + 329*u**2 + 162*u + 7622. Determine i(-47).
8
Let c(j) = j**3 - 447*j**2 - 19997*j - 130. Determine c(-41).
-581
Let d(k) = -559*k - 3944. Calculate d(-7).
-31
Let l(d) = -d**2 + 130*d - 2669. What is l(109)?
-380
Let y(u) = 2*u**3 - 369*u**2 + 3324*u + 296. Give y(175).
121
Let s(z) = -379347*z - 50073809. Give s(-132).
-5
Let t(f) = f**3 - 181*f**2 + 1059*f - 754. Determine t(175).
821
Let a(p) = -3236*p + 187634. Give a(58).
-54
Let l(a) = -5881*a**2 - 29404*a - 2. Give l(-5).
-7
Let l(x) = -x**3 - 343*x**2 - 22941*x - 819. What is l(-91)?
0
Let q(v) = -v**3 - 37*v**2 + 388*v + 102. Give q(9).
-132
Let p(c) = -10254*c + 27. Calculate p(0).
27
Let x(p) = -1288*p + 189255. Give x(146).
1207
Let v(i) = -i**3 - 31*i**2 - 1067*i - 39462. Give v(-34).
284
Let g(x) = -x**2 + 907*x + 28107. Calculate g(-30).
-3
Let q(a) = 16013*a - 63378. Give q(4).
674
Let o(q) = 36*q**3 - 292*q**2 + 50*q - 148. Calculate o(8).
-4
Let h(a) = 3628*a - 17670. Determine h(5).
470
Let q(t) = 376342*t - 376335. Give q(1).
7
Let v(r) = -5046*r - 80728. Calculate v(-16).
8
Let l(r) = -21*r**2 - 5442*r - 10882. Determine l(-2).
-82
Let w(a) = -a**3 + 29*a**2 - 165*a - 623. What is w(14)?
7
Let s(i) = -i**3 - 294*i**2 - 19112*i - 264. Give s(-97).
27
Let i(h) = -3*h**3 - 211*h**2 - 250*h + 2382